67 is divided by l(28)?
27
Suppose 0 = 9*a - 7*a - 252. Calculate the remainder when ((-6)/4)/(-3 - (-375)/a) is divided by 23.
17
Let m(q) = q**2 + 12*q + 78. Let i be m(-8). Suppose -509*v - i = -511*v. Let y(s) = 32*s - 3. What is the remainder when y(5) is divided by v?
19
Suppose 5*l + 1425 = 5*y, y + 0*y + 3*l - 297 = 0. Let z(c) = 5*c**2 + 236*c + 922. Calculate the remainder when y is divided by z(-4).
56
Let b = -846 - -882. Let d(t) = t**3 + 3*t**2 - 3*t - 3. Let x be d(-3). Let i(h) = 19*h - 8. What is the remainder when i(x) is divided by b?
34
Suppose -636 = -3*z + 3*q, -3*q - q = 7*z - 1429. Calculate the remainder when 469 is divided by z.
55
Suppose 108*s + 169 = 113*s + 4*i, -3*i + 36 = s. What is the remainder when 1283 is divided by s?
29
Let i = 5522 - 5464. Calculate the remainder when i is divided by 12.
10
Suppose 14*z = 32*z - 342. Suppose t = -3*d + 18, t - z = -d - 1. Calculate the remainder when t is divided by 2.
0
Suppose 96*d - 86*d - 800 = 0. What is the remainder when 28 is divided by ((-2 - -3) + -2)/((-4)/d)?
8
Let j be (23/2 + 1)*8/4. Suppose -j*l = -29*l + 304. Calculate the remainder when 1062 is divided by l.
74
Suppose -5*b - 34 = -b + 5*u, -b = -3*u. Let l be b + 2/(1 + (-4)/12). Let a(j) = -j**3 - 2*j - 1. Calculate the remainder when a(l) is divided by 9.
5
Suppose -5*l = -3*u - 394, l + 3*u = 2*l - 86. What is the remainder when 768 is divided by l?
75
Suppose -2*g = -8*g + 30. Suppose -g*n + 14 = -3*n. Calculate the remainder when 17 is divided by n.
3
Suppose 174*c - 177*c + z + 24701 = 0, -16 = 2*z. What is the remainder when c is divided by 685?
11
Suppose 2*l + 993 = j, -2*l = -0*j + 3*j - 2955. Suppose -25*h = -j - 1388. Calculate the remainder when h is divided by 5.
0
Suppose 4*n + 2*o - 7478 = 0, 3*o = -94*n + 98*n - 7453. Calculate the remainder when n is divided by 14.
5
Suppose 6*b + 255 = b + 2*l, -3*b = -5*l + 153. What is the remainder when 3 + 6/(-3) - b*1 is divided by 21?
10
Let z = 1542 + -1265. What is the remainder when z is divided by 7?
4
Let g(a) = -2*a**3 - 5*a**2 + 16*a + 2. Let j be g(-7). Suppose -176 = -3*y + j. Suppose y - 646 = -3*q. What is the remainder when q is divided by 23?
21
Let n(c) = c**2 - 8*c + 29. Let u be n(12). Suppose -39*r = -38*r - u. Let b = r + -56. Calculate the remainder when 38 is divided by b.
17
Calculate the remainder when 274 is divided by 5*-7*4*-5*35/100.
29
Let w = 2415 - 2408. What is the remainder when 321 is divided by w?
6
Suppose -21*p = -20*p - 3*t - 171, 3*p - 505 = t. Let x = 238 - p. Calculate the remainder when x is divided by 34.
2
Calculate the remainder when 243 is divided by (-238 + 1 + -2)*(0 + -1).
4
Suppose 0 = 269*j - 42*j + 74*j - 52675. Calculate the remainder when j is divided by 48.
31
Let l = 12850 + -12570. Calculate the remainder when 349 is divided by l.
69
Let p be (36 + -5)/((-3)/(-15)). What is the remainder when 148 is divided by p/8 - 36/96?
15
Let p(h) = -3*h**3 + 10*h**2 + 7*h + 10. Calculate the remainder when 1395 is divided by p(4).
3
Let k(r) = r**2 - 2*r - 1. Suppose 2*b - 72 = -4*p, -p + 41*b = 39*b - 28. What is the remainder when p is divided by k(4)?
6
Suppose 5*p + 143 = -217. Let j = p + 71. What is the remainder when (-6)/3*-17*(-1)/j is divided by 12?
10
Suppose 9*l = 8*l + 4. Suppose -o - l*o = 0. Suppose -3*y + 4*b = -0*b - 51, -b - 3 = o. What is the remainder when 36 is divided by y?
10
Let u = -3713 - -3741. What is the remainder when 696 is divided by u?
24
Suppose -16*w + 1127 = -169. Calculate the remainder when w is divided by 22.
15
Suppose 10*w + 0*w = -120. Let d be -8*(1 + w/8). Calculate the remainder when 44 is divided by (d - (-12)/(-4))*15.
14
Suppose -r + 19 = 14. Suppose -5*v + 369 = 2*q + q, -v + 593 = r*q. What is the remainder when q is divided by (-1428)/(-35) + 8/(-10)?
38
Let f(h) = -2*h**2 + 22*h - 41. Suppose 13*y - 10*y + 3*t = 18, -t = -3*y + 26. What is the remainder when 152 is divided by f(y)?
5
Suppose -5*s + 10*s - 4*c = -256, -180 = 4*s + 3*c. Let j = 37 - s. Let a = 1838 + -1820. Calculate the remainder when j is divided by a.
13
Suppose 3*n - 5*d = 3339, 2*n - 7*d + 10*d - 2226 = 0. Calculate the remainder when n is divided by 13.
8
Let y(c) = -c**3 - 6*c**2 - 22*c + 37. What is the remainder when y(-9) is divided by 164?
150
Let k(x) = -x**2 - 2*x + 28. Let n be k(-6). Suppose -430 = -n*l - 3*i, 5*l - 457 - 92 = 2*i. What is the remainder when l is divided by 2?
1
Let t(u) = -u**3 - 10*u**2 + 27*u + 37. Let z be t(-12). Suppose 3*n + 5*o + 2 + z = 0, -3*n - 4*o = 0. What is the remainder when 106 is divided by n?
2
Suppose -88*h - 6 = -91*h. Suppose -3*t + h*t + 75 = 0. Calculate the remainder when t is divided by (-1)/6 - (-67)/6.
9
What is the remainder when 259 is divided by (-60)/(-330) - (559/(-11) - 1)?
51
Let b = -5 - -9. Let f be ((-42)/(-84))/((-3)/(-12)). Suppose f*i + 6 = 0, b*t - 2*i - 74 - 56 = 0. Calculate the remainder when t is divided by 16.
15
Let s(v) = v**3 + 10*v**2 - 6*v - 23. Suppose 49 + 41 = -9*j. Calculate the remainder when s(j) is divided by 8.
5
Let p = 230 + -193. Calculate the remainder when 402 is divided by p.
32
Let p(o) = -o**3 + 24*o**2 - 78*o + 12. Let h be p(20). What is the remainder when 62 is divided by (h/(-26))/(0 + (-1)/8)?
14
Let r = -17 + 14. Let d be ((-84)/(-9))/((-1)/r). Suppose 0 = -4*u + 32 + d. Calculate the remainder when 59 is divided by u.
14
Let z = 21261 + -21148. Calculate the remainder when 4623 is divided by z.
103
What is the remainder when 20/50 - (-5 - -1 - 74986/10) is divided by 28?
27
Let g = 403 + 359. Let p = 839 - g. Calculate the remainder when p is divided by 40.
37
Suppose 4*i = 10*i - 282. Let y be i*((1 - -1) + -4). Let r = y - -136. What is the remainder when 207 is divided by r?
39
Suppose -43*z + 9016 + 1433 = 0. Calculate the remainder when z is divided by 44.
23
Suppose 0 = 18502*n - 18474*n - 14168. Calculate the remainder when n is divided by 306.
200
Suppose 275 = 2*t + 47. Suppose t*u - 119*u + 1540 = 0. Calculate the remainder when u is divided by 39.
35
Let n = -51 + 189. Suppose 5*t = -4*i + 77, -t = 4*i + 3 + 4. What is the remainder when n is divided by t?
12
Suppose 555 + 297 = 4*o. Let y be (-160)/(-26) - (400/65 + -6). Suppose y*a - 185 = -41. Calculate the remainder when o is divided by a.
21
Suppose 9*o = 8*o + b + 30, 0 = o + 3*b - 14. Suppose -3*k + 132 = -k - 3*w, 858 = 13*k - w. What is the remainder when k is divided by o?
14
Suppose -5*r + 2 = a, -5*a + 0 = 2*r - 10. Suppose -73 = a*x - 75. Let p = 14 - x. Calculate the remainder when p is divided by 7.
6
Suppose 3*x - 11*r = -7*r + 9, 3*x - r = 18. Let b(z) = z**3 - 10*z**2 - 5*z - 39. Calculate the remainder when b(11) is divided by x.
6
Suppose 35*d - 2425 = 31*d + 3*n, 5*d + 2*n = 3060. Let y(f) = -2*f + 68. What is the remainder when d is divided by y(0)?
66
Let y(i) = -i**3 + 3*i**2 + 19*i - 10. Let g be y(6). What is the remainder when 43 is divided by ((-2)/g + 5 + -1)*2?
7
Suppose 0 = -380*z + 619814 + 860286. What is the remainder when z is divided by 16?
7
Suppose 324 - 1474 = -5*g. Suppose 0 = -4*w + g + 266. Suppose -3*s + w = -s. Calculate the remainder when s is divided by 17.
11
Let y = -82 + 86. Let h = y + 28. Calculate the remainder when h is divided by 7.
4
Let n be 6/18 - (-1)/(-3). Suppose -10*j + 5*j + 25 = n. Suppose -j*s = -3*u + 34, 3*u - 18 - 10 = 2*s. What is the remainder when 28 is divided by u?
4
Suppose -2*i - 568 = 2*i. Let c = i - -209. What is the remainder when 265 is divided by c?
64
Suppose 39*g - 50*g + 396 = 0. Calculate the remainder when 141 is divided by g.
33
Let x(v) = -615*v + 374. What is the remainder when x(0) is divided by 19?
13
Suppose -14760 = 7*n - 48*n. Let m = 339 + n. What is the remainder when m is divided by 10?
9
Let i be 17 - (-15)/10*2. Suppose 7*x + 6 - i = 0. Suppose -2*v - 27 = -u + x*v, 5*u = v + 97. What is the remainder when u is divided by 3?
1
Suppose 0 = -3*x + 2*r - 2, 5*x - 8*r = -13*r + 30. Suppose d + 2*t - 11 = -x*t, 4*d - 29 = -t. Calculate the remainder when 26 is divided by d.
5
Let u = -305 - -173. Calculate the remainder when (7 - (-948)/u) + 1267/11 is divided by 32.
19
Suppose 4*p + 49 = q, 3*p + 731 = 5*q + 554. What is the 